et w(t) = t**2 - 21*t - 45901. Give w(-204).
-1
Let m(h) = 49*h - 636. Calculate m(14).
50
Let s(n) = 13*n - 1360. Calculate s(99).
-73
Let c(x) = x**2 + 111*x - 2412. Determine c(-131).
208
Let q(m) = -m**2 + 66*m - 355. Give q(6).
5
Let x(a) = 2*a**3 - 103*a**2 - 160*a + 75. Give x(53).
22
Let p(v) = 42*v**2 + 303*v - 199. Give p(-8).
65
Let c(t) = -29*t + 213. Give c(8).
-19
Let b(i) = i**2 + 7*i - 45. Give b(4).
-1
Let t(r) = 13*r - 205. Determine t(16).
3
Let l(g) = g**2 + 12*g - 336. Determine l(-23).
-83
Let c(l) = -311*l + 312. What is c(1)?
1
Let d(c) = -c**2 - 17*c - 134. What is d(-15)?
-104
Let p(s) = -s**3 - 11*s**2 + 3*s - 48. What is p(-11)?
-81
Let o(y) = 4*y**3 - 3*y - 9. Give o(-3).
-108
Let a(b) = 15*b**2 - 407*b + 33. Give a(27).
-21
Let f(b) = b**2 + 401*b + 4432. Give f(-11).
142
Let h(v) = -46*v**3 + v**2 + 14*v + 20. Calculate h(-2).
364
Let s(t) = 56*t - 618. Determine s(11).
-2
Let t(c) = c**3 + 30*c**2 - 11*c + 653. Determine t(-31).
33
Let i(k) = k**2 - 54*k + 283. Calculate i(48).
-5
Let i(q) = q**2 + 23*q - 912. Determine i(20).
-52
Let d(v) = -176*v + 1709. What is d(9)?
125
Let u(a) = 570*a - 3998. What is u(7)?
-8
Let p(c) = -3*c**2 - 97*c - 702. What is p(-21)?
12
Let c(m) = -1461*m + 55525. Give c(38).
7
Let l(g) = 13*g + 230. Calculate l(-18).
-4
Let y(l) = -6*l**2 - 10*l - 16. Give y(7).
-380
Let v(j) = j**2 + 5*j - 95. Calculate v(0).
-95
Let a(u) = 405*u - 2044. Determine a(5).
-19
Let h(w) = 240*w**3 - 1439*w**2 - 5*w + 13. Determine h(6).
19
Let w(i) = -2*i + 180. Determine w(2).
176
Let m(h) = h**3 + 9*h**2 - 25*h + 114. What is m(-12)?
-18
Let c(h) = -818*h - 63796. What is c(-78)?
8
Let k(i) = -i**2 + i - 13. Give k(-3).
-25
Let a(j) = -j**3 + 8*j**2 + 390*j - 3. Calculate a(-16).
-99
Let b(p) = -p**2 - 6*p + 158. What is b(-16)?
-2
Let v(t) = 10*t + 142. What is v(-11)?
32
Let v(m) = 26*m + 34. What is v(-1)?
8
Let j(s) = 2*s - 104. Calculate j(33).
-38
Let a(q) = 108*q**2 + 549*q + 39. Determine a(-5).
-6
Let y(h) = -14*h**2 - 3*h. Calculate y(0).
0
Let j(l) = 4*l**3 + 34*l**2 - 19*l - 8. What is j(-9)?
1
Let k(r) = 1370*r - 12348. Give k(9).
-18
Let h(k) = -k**2 - 74*k - 1008. Calculate h(-18).
0
Let y(c) = -2*c**3 + 58*c**2 + 77*c - 80. Determine y(30).
430
Let o(i) = 4475*i**2 - 35799*i - 11. What is o(8)?
-3
Let z(g) = g**2 - 68*g - 70. What is z(-1)?
-1
Let q(a) = 20*a + 653. Determine q(-25).
153
Let h(r) = -247*r**2 - 18*r + 29. Determine h(2).
-995
Let p(c) = 7*c - 269. Calculate p(44).
39
Let q(c) = -539*c - 19949. Calculate q(-37).
-6
Let j(b) = b**2 + 29*b - 656. Determine j(15).
4
Let k(t) = 26*t**2 - t + 3. Determine k(2).
105
Let d(y) = -y**3 + 59*y**2 - 258*y - 616. Give d(54).
32
Let a(p) = -48*p + 113. Calculate a(7).
-223
Let m(o) = -o**3 - 7*o**2 - 7*o + 13. Determine m(-4).
-7
Let v(j) = 5*j**3 - 2*j**2 - 8*j - 13. What is v(-3)?
-142
Let y(k) = k**3 - 4*k**2 - 13*k + 109. Determine y(6).
103
Let l(k) = -27*k + 6. What is l(0)?
6
Let z(k) = -k**3 - 19*k**2 - 36*k - 40. What is z(-17)?
-6
Let c(v) = -161*v + 1295. Give c(8).
7
Let z(v) = -v**3 - 14*v**2 + 65*v + 863. Give z(-9).
-127
Let c(a) = -a**3 + 16*a**2 - 30*a + 52. Calculate c(15).
-173
Let v(l) = -171*l - 381. Determine v(-2).
-39
Let h(m) = -54*m + 6609. Give h(122).
21
Let d(u) = -u**3 + 18*u - 68. What is d(0)?
-68
Let g(v) = -11*v + 735. Determine g(55).
130
Let s(v) = -2*v**2 - 9*v - 21. What is s(-4)?
-17
Let x(u) = -u**3 - 21*u**2 + 22*u - 13. Determine x(-22).
-13
Let a(i) = 1744*i + 3482. Determine a(-2).
-6
Let a(x) = -2*x**2 - 33*x - 20. Determine a(-15).
25
Let w(r) = -22*r + 138. Determine w(5).
28
Let l(k) = -2*k**3 - 5*k**2 + 21*k - 46. What is l(3)?
-82
Let f(r) = -2*r**2 - 196*r - 582. Calculate f(-3).
-12
Let q(z) = -124*z - 3246. Give q(-26).
-22
Let t(r) = r**3 + 2*r**2 + 6*r - 21. Give t(0).
-21
Let v(j) = -11*j - 316. Calculate v(-32).
36
Let k(d) = d**3 - 2*d**2 + 20*d - 122. Determine k(4).
-10
Let j(z) = z**3 + 14*z**2 + 43*z + 68. Calculate j(-14).
-534
Let d(y) = -390*y + 1195. Give d(4).
-365
Let w(a) = -3*a**3 - 20*a**2 - 62*a - 472. Calculate w(-7).
11
Let z(i) = -i**2 + 40*i + 695. What is z(-17)?
-274
Let p(d) = d**2 + 55*d + 674. What is p(-18)?
8
Let z(t) = -t**2 - 39*t - 147. Give z(-4).
-7
Let b(r) = -102*r + 286. What is b(6)?
-326
Let m(c) = 14*c - 991. What is m(69)?
-25
Let a(n) = -2*n**3 + 4*n**2 + 2*n - 40. Give a(0).
-40
Let j(x) = -151*x**3 + x**2 + 8*x + 8. Determine j(-1).
152
Let q(v) = -102*v**2 - 3161*v + 40. Give q(-31).
9
Let y(f) = -f**2 + 24*f + 243. Give y(31).
26
Let t(x) = -x - 51. Calculate t(-27).
-24
Let l(k) = -613*k + 541. Determine l(1).
-72
Let s(z) = z**3 - 52*z**2 - 352*z - 21. Give s(-6).
3
Let p(d) = 2*d + 3. Calculate p(-82).
-161
Let n(c) = 5*c**2 + 185*c - 942. Determine n(5).
108
Let n(j) = -224*j - 406. What is n(2)?
-854
Let q(z) = 24*z - 880. Give q(49).
296
Let m(z) = 42*z - 260. What is m(9)?
118
Let y(c) = 84*c - 1855. Determine y(22).
-7
Let o(u) = 9*u**2 - 109*u + 96. Calculate o(11).
-14
Let b(z) = -68*z + 315. Determine b(6).
-93
Let j(l) = -2*l**2 + 115*l - 54. Give j(57).
3
Let a(t) = 32*t + 705. Give a(-22).
1
Let q(x) = 13*x + 751. What is q(-48)?
127
Let k(z) = -143*z + 7676. Calculate k(54).
-46
Let j(l) = 2*l**2 + 75*l - 74. Determine j(-41).
213
Let k(g) = -5*g + 233. Calculate k(48).
-7
Let f(q) = 341*q + 29. Determine f(-1).
-312
Let q(o) = o**2 + 72*o - 145. Give q(2).
3
Let w(h) = -4*h**2 - 105*h - 221. Determine w(-24).
-5
Let l(j) = -1260*j + 7502. Give l(6).
-58
Let u(f) = -3*f**2 + 127*f + 328. What is u(45)?
-32
Let y(r) = r**2 - 33*r + 191. What is y(10)?
-39
Let i(d) = d**3 - 57*d**2 + 63*d - 397. Calculate i(56).
-5
Let f(v) = -v**2 + 44*v - 280. Give f(36).
8
Let k(u) = -u**3 + 39*u**2 + 56*u - 654. Calculate k(40).
-14
Let l(j) = 140*j**2 - 1388*j - 144. Calculate l(10).
-24
Let f(i) = 6*i - 187. Calculate f(34).
17
Let d(j) = 167*j - 2686. Calculate d(16).
-14
Let l(u) = -u**3 + 21*u**2 - 65*u + 617. Determine l(19).
104
Let m(c) = -13*c**2 + 484*c - 126. Calculate m(37).
-15
Let q(s) = -3*s**2 - 485*s + 24930. Calculate q(41).
2
Let y(r) = 3*r**2 - 104*r + 834. Give y(22).
-2
Let b(g) = -18*g**2 + 245*g + 122. Calculate b(14).
24
Let x(g) = -g - 165. Determine x(50).
-215
Let d(r) = 8*r + 146. Determine d(-17).
10
Let q(t) = -t**3 - 6*t**2 + 16*t + 1. What is q(-8)?
1
Let h(s) = -7*s**2 + 57*s - 10. Give h(7).
46
Let d(c) = 2*c**3 + 69*c**2 - 38*c - 116. Give d(-35).
-11
Let q(p) = p**3 + 16*p**2 - 25*p + 9. What is q(-17)?
145
Let w(i) = -i - 103. Determine w(-39).
-64
Let b(j) = -89*j - 933. What is b(-15)?
402
Let a(y) = -2*y**2 - 155*y + 286. What is a(-79)?
49
Let i(w) = 11*w + 46. Calculate i(-4).
2
Let r(m) = 5593*m + 10. Give r(0).
10
Let w(l) = -l**3 - 24*l**2 - 134*l - 455. Determine w(-18).
13
Let n(u) = -2*u**3 + 33*u**2 + 20*u + 13. Determine n(17).
64
Let t(k) = -k**3 - 10*k**2 - 4*k + 95. Give t(-8).
-1
Let h(y) = -y**2 + 77*y - 454. Give h(71).
-28
Let g(x) = x**2 - 21*x - 19. Calculate g(-1).
3
Let w(t) = -411*t + 51. What is w(2)?
-771
Let f(h) = 2*h**3 + 14*h**2 + 15*h - 3. Determine f(-6).
-21
Let f(v) = -v**2 + 38*v - 234. Calculate f(23).
111
Let x(v) = v**3 - 18*v**2 - 20*v + 27. Give x(19).
8
Let b(j) = -3*j**2 - 32*j - 47. Give b(-3).
22
Let s(b) = 24*b**2 - 133*b - 84. Determine s(6).
-18
Let a(m) = -814*m - 7330. Determine a(-9).
-4
Let m(d) = -d**3 + 16*d**2 + 8*d - 128. Give m(16).
0
Let d(a) = 106*a - 2449. Give d(23).
-11
Let o(t) = -t**2 - 51*t - 283. Give o(-6).
-13
Let q(r) = -r**3 - 47*r**2 + 112*r + 718. Give q(-49).
32
Let h(w) = 2*w**2 + 365*w + 8386. Calculate h(-27).
-11
Let z(w) = -w**3 - 231*w**2 - 227*w + 710. What is z(-230)?
20
Let d(l) = 22*l + 467. Give d(-21).
5
Let f(z) = -z**2 - 34*z - 95. Determine f(-10).
145
Let k(w) = -2*w**2 + 47*w - 207. Determine k(17).
14
Let d(k) = -2*k**3 + 6*k**2 + 50*k - 158. What is d(3)?
-8
Let l(m) = -4*m**2 - 52*m + 91. Calculate l(9).
-701
Let m(g) = -27*g + 1156. Give m(42).
22
Let j(t) = 55*t + 59. Give j(-2).
-51
Let o(r) = 8045*r + 48264. Give o(-6).
-6
Let n(h) = -h**3 - 20*h**2 - 29*h + 16. Give n(-18).
-110
Let n(j) = -j**2 - 72*j + 640. Calculate n(8).
0
Let z(m) = 58*m - 8518. Determine z(147).
8
Let b(h) = -2*h**3 - 8*h*